/1257*12/(-8))?
4
Let d(t) be the first derivative of -7*t**2/2 - 5*t + 2. Suppose -3*m - 18 = 2*c, 5*m + 1 + 4 = 5*c. What is the units digit of d(c)?
6
Suppose -3*d + 1869 = -v, 2*v - 1254 = d - 3*d. What is the units digit of d?
4
Let r(s) be the second derivative of s**4/12 + 2*s**3/3 + 17*s**2/2 - 18*s. What is the tens digit of r(7)?
9
Let s = 132 + 153. Let z be s/19 - 1*2. Suppose -z*d - 24 = -16*d. What is the units digit of d?
8
Let p(o) = 19*o + 3. Let k be p(12). Suppose -k = 4*h - h. Let d = h + 109. What is the tens digit of d?
3
Suppose -r - d + 567 + 924 = 0, -2*d + 1493 = r. What is the tens digit of r?
8
Suppose -136*o + 139*o - 2346 = 0. What is the units digit of o?
2
Suppose -1565 = -14*c + 199. What is the units digit of c?
6
Let k(s) = -4*s - 5*s**2 - 2 - 2 + 5 + 2*s**2. Let b be k(-3). What is the tens digit of ((-12)/(-14))/((-1)/b)?
1
Let l(q) = -2*q + 11*q**2 + 7*q**2 - q**2 - 3 + 3*q**2. What is the units digit of l(-2)?
1
Let t(i) = 16*i**2 + 19*i - 95. What is the tens digit of t(-9)?
3
Let m = -80 + 2. Suppose 0 = 2*d - 7*d - 40. What is the tens digit of m*(-3 - d/3)?
2
Suppose 2*b + 6*b - 40 = 0. Let y be b + (-3 - -1 - -4). Let g = 10 + y. What is the units digit of g?
7
Let t(r) = -2*r - 1. Let y be t(-2). Let d be -6*(-1 - (-6)/4)*-2. Suppose 84 - d = y*w. What is the units digit of w?
6
Suppose -18*s = -55*s + 43401. What is the thousands digit of s?
1
Suppose -17904 = 21*c - 29*c. What is the hundreds digit of c?
2
Suppose 11 = -i - 16. Let u = i + 29. What is the tens digit of -2*((-153)/u)/9?
1
Let d = 13 - 5. Suppose -d*i + 234 = -2*i. What is the tens digit of i?
3
Let j(l) = -2*l**3 - l**2 - l + 1. Let r be j(1). Let p(i) = -4*i + 3. What is the tens digit of p(r)?
1
Let k(j) = j**3 + 20*j**2 - 12*j + 21. What is the tens digit of k(-13)?
6
Suppose 5*v - 4*i + 6*i + 13 = 0, 0 = -v + 5*i + 19. What is the tens digit of 0 + (-231)/(-3) + (v - -4)?
8
Let m be (-249)/(-2) - ((-26)/4 + 6). Suppose -m - 33 = -2*k. What is the units digit of k?
9
Let x be 2 + 5 + (0 - 3). Let a = -2 + x. Suppose -a*j = 4*n - 4*j - 112, 4*n - 3*j = 112. What is the units digit of n?
8
Let z be (-1 - (0 - -1))/((-2)/2). Suppose 2*c + 5*i = 570, 570 = -0*c + z*c + 3*i. What is the hundreds digit of c?
2
Suppose 0 = -3*m + 4*f + 413, 0 = 4*m - 5*f - 498 - 54. Let s = -59 + m. Suppose -6*b = -3*b - s. What is the tens digit of b?
2
Let m = -13 + 16. Suppose 5*a - 35 = -5*g, -5*g - m*a + 29 = -a. Let r = 31 + g. What is the units digit of r?
6
Suppose 4*f - 2*n - 18 - 114 = 0, -2*n + 33 = f. Suppose 3*o = 5*h - f, 0 = -2*o + h + 4*h - 22. Let l = o - -28. What is the units digit of l?
7
What is the thousands digit of -7 + 2564 + (-9 - -7)?
2
Suppose 25*j - 4416 = 13*j. What is the hundreds digit of j?
3
Suppose 2*j = 0, 5*l = 3*j - 8 + 23. Suppose l*x = -4 + 16. What is the units digit of x?
4
Let f = 183 - 178. Let t = 14 - 10. Suppose d = f + t. What is the units digit of d?
9
Let r(w) = w**3 - w**2 + 2*w - 4. Let j be r(2). Suppose j*f = -5*m + 260, 0 = f + m + 2*m - 65. What is the tens digit of f?
6
What is the units digit of (0/(-5) + 1)*(-2328)/(-3)?
6
Suppose 4*u + 3*n + 88 = n, -48 = 2*u - n. Let c = -101 - u. What is the units digit of (-4)/(-2)*c/(-4)?
9
Let v be -5 - (2 + -9) - (0 + -1). Let a = v + 13. What is the units digit of a?
6
Let h(j) = -j + 6. Let o be h(8). Let m be o/((16/14)/4). Let p = m + 12. What is the units digit of p?
5
Suppose 0 = 4*u - 68 - 128. What is the tens digit of u?
4
Suppose -3038 = -4*o - a, -2272 = -3*o - 2*a - 2*a. What is the units digit of o?
0
Let g(q) = q**3 - 5*q**2 - 14*q + 35. What is the hundreds digit of g(11)?
6
Let p(c) = 7*c. Let v(a) = 3*a - 3 - 3*a + 2*a - a. Let n be v(6). What is the tens digit of p(n)?
2
Suppose 0 = -3*g + 3, a + 9 = g + 25. Suppose 1 - a = -2*n. What is the tens digit of 31 - 1 - 0/n?
3
Let h(b) = b - 11. Let c be h(14). Let a(g) = 11*g + 3 - 1 + 2*g**2 + c - g. What is the tens digit of a(-7)?
3
What is the hundreds digit of -11 + 15 + 156 + -1?
1
Suppose -3*g + 13 = 4*m, m - 16 + 0 = -5*g. Let i be (-20)/((-1)/(m + 0)). Let c = -15 + i. What is the units digit of c?
5
Suppose 12*q - 35*q = -21597. What is the hundreds digit of q?
9
Suppose z + 4*i = 738, -3*z + 1687 = -i - 501. What is the tens digit of z?
3
Let j(q) = 2*q**2 - 3*q + 93. What is the units digit of j(18)?
7
Suppose -9*x + 54 = -45. Suppose -1408 = -5*a - x*a. What is the tens digit of a?
8
Suppose -2406 = -8*a + 2274. What is the hundreds digit of a?
5
Suppose -6*i = 9 + 21. Let y(j) = 4*j**2 - 16*j - 9. What is the units digit of y(i)?
1
Let i(b) = b**2 - 2*b. Let y be i(3). Suppose -y*o = -2*q - 497, q + 0*q = -5*o + 824. Suppose 9*l = 4*l + o. What is the tens digit of l?
3
Let m(f) = 9*f**3 - 2*f**2 + 2*f - 1. Let g(x) = -10*x**3 + 2*x**2 - x + 2. Let d(r) = -5*g(r) - 6*m(r). What is the tens digit of d(-3)?
4
Let v(h) = -h**2 + 10*h + 10. Let k be v(9). Let r = k + -15. Suppose 8*o - r*o - 244 = 0. What is the tens digit of o?
6
Let z be 3 - ((-1 - -44) + -2). Let c = -20 - z. Suppose 4*o = 2*o + c. What is the units digit of o?
9
Let p(o) = 2*o - 20. Let l be p(12). Let s be 3 - ((-48)/l + 0). Suppose s*v - 210 = 10*v. What is the tens digit of v?
4
Suppose c - 4 = 1. Suppose -d - c*y + 56 = -3*y, 4*d - y = 260. What is the units digit of d?
4
Let c(l) = l**3 - 5*l**2 + 3*l - 4. Let p be c(4). Let b be 2*12/p*-3. What is the tens digit of 9/(b/(-2)) - -35?
3
Let r(x) = -54*x**2 - 7*x + 6. Let m(b) = b**2 + b - 1. Let f(c) = -2*m(c) - r(c). What is the units digit of f(1)?
3
What is the thousands digit of ((-40)/30)/(2/(-3156))?
2
What is the tens digit of 493 - (-4)/(-6)*75/(-10)?
9
Let c(q) = -20*q. Let w be c(-1). Suppose 5*r - 21 = 4*f - f, -3*f = -2*r + 12. Suppose -5*s = r*x - w, x = -2*s - x + 4. What is the units digit of s?
7
Let r(b) = 747*b**2 + 2*b - 3. What is the hundreds digit of r(1)?
7
Let j = -487 + 1896. What is the thousands digit of j?
1
What is the tens digit of 8 + 6/(-6) - -852?
5
Suppose 4*k = -2*g - 212, -4*k + 2*g + 0*g - 220 = 0. Let m be ((-2)/3)/(12/k). Suppose -i - 50 = -m*x, 3*i = -2*x - 0*i + 15. What is the units digit of x?
5
Let v(w) = -6 + 2 - 5*w + 178*w**2 + w - 62*w**2. What is the hundreds digit of v(-1)?
1
Let o = 74 - 107. Let p be o/(-4) + 3/4. Let h(g) = -g**2 + 8*g + 10. What is the units digit of h(p)?
1
Let g be 1*(0/(-3) - 0). Suppose -4*b + 0*o = o, o = g. Suppose -3*y + 4*y - 38 = b. What is the tens digit of y?
3
Let w = 148 - 9. Suppose -4*a + 9 = z, z + 6*a - 8*a = 3. Suppose 6*i = z + w. What is the tens digit of i?
2
Let n be (-2)/8 + 156/48. Suppose -3*p = -o + 2*p + 120, p - 344 = -n*o. What is the units digit of o?
5
Let z(g) be the second derivative of 7*g**3/6 + g**2 - 5*g. Let k be z(6). What is the tens digit of (4/8)/(2/k)?
1
Let i be (1 + -3)/(1/(-2)). Suppose -49 = -i*y + r, 0 = 3*y - 2*r - 13 - 20. Suppose 3*f - 2*z - y = 0, f - 2*z = -5*z - 3. What is the units digit of f?
3
Let y be 1/3*(3 - 12). Let b = y - -12. Let m(a) = a**3 - 9*a**2 + 3*a + 6. What is the tens digit of m(b)?
3
Suppose 0 = -f + 5*t + 100, 0 = -4*f - t - 4*t + 425. Suppose 0 = b - 4*j + 89, -5*b = -0*j - 2*j + 355. Let p = f + b. What is the tens digit of p?
3
Let a be (0 - 1)/(1/(-2)). Suppose 0 = -x + a*i - i + 4, -4*x = i - 1. What is the units digit of (1/x)/(2/58)?
9
Suppose 4*p + m = 223, 3*p - 4*m - 69 - 84 = 0. Suppose -l = -4*r - p, -2*l + 2*r = -3*l + 55. Suppose -h + 2*h - l = 0. What is the units digit of h?
5
Let v(j) = -j + 7*j - 4*j + 1 - 9*j - 4*j. Suppose -5*p = 1 + 4. What is the tens digit of v(p)?
1
Let z(u) = 4*u**3 - u**2 + 2*u - 4. What is the units digit of z(4)?
4
Let j = -446 - -1025. What is the tens digit of j?
7
Let f(c) = -c**3 - 10*c**2 - 7*c + 13. Let y be f(-9). What is the units digit of y/4 - (-3465)/20?
2
Suppose 5*g + 0*g = -5, 0 = -3*n - 5*g + 823. Let a = -149 + n. What is the units digit of a?
7
What is the units digit of 4310/(-1)*((-1078)/70 - -15)?
4
Let v be (-12)/(-9) + 1460/30. Let u = v - -267. What is the tens digit of u?
1
Let w = -72 + 145. Suppose -2*g - b = -63, 0 = 3*g + b - 0*b - 92. Suppose 0 = -4*t - g + w. What is the tens digit of t?
1
Let n(c) = c**3 - 12*c**2 - 12*c + 17. Let l(